{"id":46,"date":"2026-01-02T19:56:39","date_gmt":"2026-01-02T16:56:39","guid":{"rendered":"https:\/\/iys.demirmete.com.tr\/?page_id=46"},"modified":"2026-01-03T01:22:34","modified_gmt":"2026-01-02T22:22:34","slug":"iletisim","status":"publish","type":"page","link":"https:\/\/iys.demirmete.com.tr\/index.php\/iletisim\/","title":{"rendered":"\u0130leti\u015fim"},"content":{"rendered":"\n<p>Benimle ileti\u015fim kurmak i\u00e7in a\u015fa\u011f\u0131daki kanallar\u0131 kullanabilirsiniz. Dersle ilgili geri bildirimler, proje \u00f6nerileri veya i\u015f birli\u011fi teklifleri i\u00e7in mesaj g\u00f6ndermeniz yeterlidir.<\/p>\n\n\n\n<h2 class=\"wp-block-heading\">\u0130leti\u015fim Bilgileri<\/h2>\n\n\n\n<ul class=\"wp-block-list\">\n<li>E\u2011posta:<a href=\"demirmete1857@gmail.com\" data-type=\"link\" data-id=\"demirmete1857@gmail.com\">demirmete1857@gmail.com<\/a><\/li>\n\n\n\n<li>Telefon: +90 500 000 00 00<\/li>\n\n\n\n<li>Instagram<a href=\"https:\/\/www.instagram.com\/mete.demir_7\/#\">:mete.demir_7<\/a><\/li>\n\n\n\n<li>GitHub: <a href=\"https:\/\/github.com\/metedemir10\">metedemir10<\/a><\/li>\n\n\n\n<li>\u015eehir: Ayd\u0131n<\/li>\n<\/ul>\n\n\n\n<p class=\"has-medium-font-size\" style=\"padding-top:var(--wp--preset--spacing--30);padding-bottom:var(--wp--preset--spacing--30)\">\u0130lerleyen d\u00f6nemlerde bu sayfaya basit bir ileti\u015fim formu ekleyerek do\u011frudan site \u00fczerinden de mesaj almay\u0131 planl\u0131yorum.<\/p>\n","protected":false},"excerpt":{"rendered":"<p>Benimle ileti\u015fim kurmak i\u00e7in a\u015fa\u011f\u0131daki kanallar\u0131 kullanabilirsiniz. Dersle ilgili geri bildirimler, proje \u00f6nerileri veya i\u015f birli\u011fi teklifleri i\u00e7in mesaj g\u00f6ndermeniz yeterlidir. \u0130leti\u015fim Bilgileri \u0130lerleyen d\u00f6nemlerde bu sayfaya basit bir ileti\u015fim formu ekleyerek do\u011frudan site \u00fczerinden de mesaj almay\u0131 planl\u0131yorum.<\/p>\n","protected":false},"author":1,"featured_media":0,"parent":0,"menu_order":0,"comment_status":"closed","ping_status":"closed","template":"","meta":{"footnotes":""},"class_list":["post-46","page","type-page","status-publish","hentry"],"_links":{"self":[{"href":"https:\/\/iys.demirmete.com.tr\/index.php\/wp-json\/wp\/v2\/pages\/46","targetHints":{"allow":["GET"]}}],"collection":[{"href":"https:\/\/iys.demirmete.com.tr\/index.php\/wp-json\/wp\/v2\/pages"}],"about":[{"href":"https:\/\/iys.demirmete.com.tr\/index.php\/wp-json\/wp\/v2\/types\/page"}],"author":[{"embeddable":true,"href":"https:\/\/iys.demirmete.com.tr\/index.php\/wp-json\/wp\/v2\/users\/1"}],"replies":[{"embeddable":true,"href":"https:\/\/iys.demirmete.com.tr\/index.php\/wp-json\/wp\/v2\/comments?post=46"}],"version-history":[{"count":4,"href":"https:\/\/iys.demirmete.com.tr\/index.php\/wp-json\/wp\/v2\/pages\/46\/revisions"}],"predecessor-version":[{"id":66,"href":"https:\/\/iys.demirmete.com.tr\/index.php\/wp-json\/wp\/v2\/pages\/46\/revisions\/66"}],"wp:attachment":[{"href":"https:\/\/iys.demirmete.com.tr\/index.php\/wp-json\/wp\/v2\/media?parent=46"}],"curies":[{"name":"wp","href":"https:\/\/api.w.org\/{rel}","templated":true}]}}