{"id":38,"date":"2026-01-02T19:55:39","date_gmt":"2026-01-02T16:55:39","guid":{"rendered":"https:\/\/iys.demirmete.com.tr\/?page_id=38"},"modified":"2026-01-03T15:30:04","modified_gmt":"2026-01-03T12:30:04","slug":"hakkimda","status":"publish","type":"page","link":"https:\/\/iys.demirmete.com.tr\/index.php\/hakkimda\/","title":{"rendered":"Hakk\u0131mda"},"content":{"rendered":"\n<figure class=\"wp-block-image aligncenter size-large is-resized is-style-rounded wp-duotone-unset-2 is-style-rounded--1\" style=\"margin-top:var(--wp--preset--spacing--10);margin-bottom:var(--wp--preset--spacing--10)\"><img decoding=\"async\" src=\"https:\/\/demirmete.com.tr\/ben.jpg\" alt=\"\" style=\"width:94px;height:auto\"\/><\/figure>\n\n\n\n<p class=\"has-text-align-center has-medium-font-size\" style=\"padding-top:var(--wp--preset--spacing--20);padding-right:0;padding-bottom:var(--wp--preset--spacing--20);padding-left:0\">\u00c7ocuklu\u011fumdan beri bilgisayarlarla ve internetle i\u00e7 i\u00e7e b\u00fcy\u00fcd\u00fcm. Zamanla sadece kullan\u0131c\u0131 olmak yerine, kendi i\u00e7eriklerimi ve web sitelerimi olu\u015fturmak   istedi\u011fimi fark ettim. Bu nedenle \u00fcniversitede ald\u0131\u011f\u0131m dersler aras\u0131nda i\u00e7erik y\u00f6netim sistemleri ve web tasar\u0131m\u0131 en sevdi\u011fim dersler haline geldi.<\/p>\n\n\n\n<div class=\"wp-block-columns is-layout-flex wp-container-core-columns-is-layout-28f84493 wp-block-columns-is-layout-flex\">\n<div class=\"wp-block-column is-layout-flow wp-block-column-is-layout-flow\">\n<h2 class=\"wp-block-heading\" style=\"margin-top:0;margin-right:0;margin-bottom:0;margin-left:0;padding-top:var(--wp--preset--spacing--20);padding-right:0;padding-bottom:var(--wp--preset--spacing--20);padding-left:0\">E\u011fitim<\/h2>\n\n\n\n<p style=\"padding-right:0;padding-left:0\">Lise e\u011fitimimi Ak\u015femseddin Anadolu Lisesinde tamamlad\u0131m.\u015euan Ayd\u0131n Adnan Menderes \u00dcniversitesi Bilgisayar Programc\u0131l\u0131\u011f\u0131 B\u00f6l\u00fcm\u00fcnde 2.s\u0131n\u0131f \u00f6\u011frecisi olarak e\u011fitim hayat\u0131ma devam etmekteyim<\/p>\n<\/div>\n\n\n\n<div class=\"wp-block-column is-layout-flow wp-block-column-is-layout-flow\">\n<h2 class=\"wp-block-heading\" style=\"padding-top:var(--wp--preset--spacing--20);padding-bottom:var(--wp--preset--spacing--20)\">Hobilerim<\/h2>\n\n\n\n<p>Futbol izlemeyi, m\u00fczik dinlemeyi ve film seyretmeyi \u00e7ok seviyorum. Ayr\u0131ca yaz\u0131l\u0131m ile u\u011fra\u015fmak da bana hem keyif hem yeni \u015feyler \u00f6\u011frenme f\u0131rsat\u0131 veriyor. Bu d\u00f6rt alan, g\u00fcnl\u00fck hayat\u0131mda vazge\u00e7ilmezim.<\/p>\n<\/div>\n\n\n\n<div class=\"wp-block-column is-layout-flow wp-block-column-is-layout-flow\">\n<h2 class=\"wp-block-heading\" style=\"padding-top:var(--wp--preset--spacing--20);padding-bottom:var(--wp--preset--spacing--20)\">Hedeflerim<\/h2>\n\n\n\n<p>K\u0131sa vadede web tasar\u0131m ve WordPress alan\u0131nda kendimi geli\u015ftirmek, uzun vadede ise profesyonel projelerde yer alarak full\u2011stack web geli\u015ftiricisi olmak istiyorum.<\/p>\n<\/div>\n<\/div>\n\n\n\n<blockquote class=\"wp-block-quote is-layout-flow wp-block-quote-is-layout-flow\">\n<p><br>\u201cHayatta en hakiki m\u00fcr\u015fit ilimdir fendir, ilim ve fenden ba\u015fka yol g\u00f6sterici aramak gaflettir, dalalettir, cehalettir.\u201d<\/p>\n\n\n\n<p class=\"has-medium-font-size\"><strong>MUSATAFA KEMAL ATAT\u00dcRK<\/strong><\/p>\n<\/blockquote>\n","protected":false},"excerpt":{"rendered":"<p>\u00c7ocuklu\u011fumdan beri bilgisayarlarla ve internetle i\u00e7 i\u00e7e b\u00fcy\u00fcd\u00fcm. Zamanla sadece kullan\u0131c\u0131 olmak yerine, kendi i\u00e7eriklerimi ve web sitelerimi olu\u015fturmak istedi\u011fimi fark ettim. Bu nedenle \u00fcniversitede ald\u0131\u011f\u0131m dersler aras\u0131nda i\u00e7erik y\u00f6netim sistemleri ve web tasar\u0131m\u0131 en sevdi\u011fim dersler haline geldi. E\u011fitim Lise e\u011fitimimi Ak\u015femseddin Anadolu Lisesinde tamamlad\u0131m.\u015euan Ayd\u0131n Adnan Menderes \u00dcniversitesi Bilgisayar Programc\u0131l\u0131\u011f\u0131 B\u00f6l\u00fcm\u00fcnde 2.s\u0131n\u0131f \u00f6\u011frecisi [&hellip;]<\/p>\n","protected":false},"author":1,"featured_media":0,"parent":0,"menu_order":0,"comment_status":"closed","ping_status":"closed","template":"","meta":{"footnotes":""},"class_list":["post-38","page","type-page","status-publish","hentry"],"_links":{"self":[{"href":"https:\/\/iys.demirmete.com.tr\/index.php\/wp-json\/wp\/v2\/pages\/38","targetHints":{"allow":["GET"]}}],"collection":[{"href":"https:\/\/iys.demirmete.com.tr\/index.php\/wp-json\/wp\/v2\/pages"}],"about":[{"href":"https:\/\/iys.demirmete.com.tr\/index.php\/wp-json\/wp\/v2\/types\/page"}],"author":[{"embeddable":true,"href":"https:\/\/iys.demirmete.com.tr\/index.php\/wp-json\/wp\/v2\/users\/1"}],"replies":[{"embeddable":true,"href":"https:\/\/iys.demirmete.com.tr\/index.php\/wp-json\/wp\/v2\/comments?post=38"}],"version-history":[{"count":5,"href":"https:\/\/iys.demirmete.com.tr\/index.php\/wp-json\/wp\/v2\/pages\/38\/revisions"}],"predecessor-version":[{"id":110,"href":"https:\/\/iys.demirmete.com.tr\/index.php\/wp-json\/wp\/v2\/pages\/38\/revisions\/110"}],"wp:attachment":[{"href":"https:\/\/iys.demirmete.com.tr\/index.php\/wp-json\/wp\/v2\/media?parent=38"}],"curies":[{"name":"wp","href":"https:\/\/api.w.org\/{rel}","templated":true}]}}